t b = 449 + 420. Let v = b + -213. What are the prime factors of v?
2, 41
List the prime factors of (-5340)/14*(-546)/156.
3, 5, 89
Suppose 2*u - 93750 = -4*x, 2*u = 2*x + 11153 + 82645. List the prime factors of u.
13, 3607
Let i(f) = 14*f**2 + 15*f - 8. Let z(m) = 3*m**2 + m + 1. Let b(a) = i(a) - 2*z(a). List the prime factors of b(4).
2, 5, 17
Let z(q) = 150 - 36*q + 145 + 173 - 439. What are the prime factors of z(-25)?
929
Let m = -524 + -15. Let l = m - -898. What are the prime factors of l?
359
Suppose -4*z + 5*c + 24684 = 0, -3*z + 5*c = -z - 12342. List the prime factors of z.
3, 11, 17
Let j be 4/(458/3010 - (-5)/(-35)). List the prime factors of 2/(-6) + j/30.
2, 7
Let j = -237 - -234. Let n = 276 - j. What are the prime factors of n?
3, 31
Let p be ((-7 - 0)/21)/(1/(-1917)). Suppose 7*u - p = -j + 6*u, -4*u = -j + 629. List the prime factors of j.
7, 13
Let t(g) = 21582*g - 596. What are the prime factors of t(1)?
2, 7, 1499
Let d(f) = 4*f - 2. Let b be d(2). Suppose 412 = b*p - 56. List the prime factors of p.
2, 3, 13
Let n(u) = 12*u**3 - 3*u + 6. Suppose 5*x + 14 = 3*z, -2*z - 10*x = -11*x - 7. What are the prime factors of n(z)?
3, 107
Let j(o) = 2*o**3 - 51*o**2 + 2*o - 207. List the prime factors of j(27).
2, 3, 113
Let d(c) = 5815*c**2 - 3*c - 2. What are the prime factors of d(1)?
2, 5, 7, 83
List the prime factors of (140/21 - 8)/(6/9)*-5297.
2, 5297
Suppose -24*d - 85928 = -41*d + 48984. What are the prime factors of d?
2, 31
Suppose 219*x - 18428963 = -236*x + 9474822. List the prime factors of x.
7, 8761
Let r be 43/(((-1)/8)/((-16)/(-32))). Let b = 84 + r. What are the prime factors of (b/(-6))/((-2)/(-12))?
2, 11
Let b(k) = -85*k + 4477. What are the prime factors of b(-83)?
2, 3, 31
Suppose 0 = n - 5*c - 870, 14*c = 4*n + 16*c - 3436. What are the prime factors of n?
2, 5, 43
Suppose 8*t + 109776 = 13*t + x, 18 = 3*x. What are the prime factors of t?
2, 3, 3659
Suppose -6*y + 5*y = -2*m + 58821, -4*m - y = -117633. What are the prime factors of m?
3, 9803
Let z(a) = 25*a + 8. Let c be 4 - 2 - (-5 + 2). Let w(q) = -q**2 + 5*q + 3. Let g be w(c). What are the prime factors of z(g)?
83
Suppose 4*i + i - 5 = 0, -4*a - 1 = -i. Suppose -40*y + 41*y = a. Suppose 0 = -y*c + 2*c - z - 318, 0 = -3*c - 5*z + 477. List the prime factors of c.
3, 53
Let c(g) = -48*g - 140. Let x be c(-3). Suppose 50*v = -x*b + 46*v + 612, 2*v - 780 = -5*b. What are the prime factors of b?
2, 79
Let q = -264 + 277. Suppose g = q*d - 10*d + 147, 3*g = d + 481. List the prime factors of g.
2, 3
Suppose 2*o + o - 22 = -4*w, 0 = -2*o + w. Let m(d) = 3*d + o*d - 7 + 3*d + 3*d. What are the prime factors of m(8)?
3
Suppose -4*r + 9*r = -k - 15, -3*k = -5*r - 15. Suppose 47*f - 295 - 24521 = k. What are the prime factors of f?
2, 3, 11
Suppose -2*k - 6*k = -40. Suppose -3*b + 5*d = -546, 0 = -8*b + 6*b + k*d + 359. What are the prime factors of b?
11, 17
Let f(r) = -2*r**3 - 2*r**2 + 6*r + 7. Let c be f(-6). Let b = 213 - c. Let u = b - -211. What are the prime factors of u?
3, 31
Let n(y) = -3*y**2 + 9*y + 17. Let t(g) = -4*g**2 + 10*g + 19. Let u(r) = 6*n(r) - 5*t(r). List the prime factors of u(-5).
37
Suppose -5*a - 1148 + 9773 = 5*o, 3*a = 2*o - 3455. List the prime factors of o.
2, 863
Suppose -39*c - 72 = -51*c. Suppose c*v - 465 = 1899. What are the prime factors of v?
2, 197
Let a = 31 - 28. Suppose -4*q + h = -991, -3*q = -7*q + a*h + 981. List the prime factors of q.
3, 83
Let z(m) = -89*m**3 + 6*m**2 + 19*m + 10. What are the prime factors of z(-5)?
2, 3, 5, 373
Let a(t) = 25*t - 5*t - 5 - 2*t**2 - t**3 + 6*t**2 + 4. Let r be a(7). What are the prime factors of (-11)/(-1)*-1*(r + 1)?
7, 11
Suppose 0 = 2*b - 5*d + 3, -2 = -5*b + 3*d - 19. Let c(w) = -5*w**3 + 2*w**2 + 14*w. List the prime factors of c(b).
2, 37
Suppose -72*h = 63*h + 23*h - 2060636. List the prime factors of h.
2, 6521
Let d(c) = c**3 + 2*c**2 - 6*c - 8. Let h be d(-3). Let s be h/(3 - (-552)/(-183)). Let a = s - -175. List the prime factors of a.
2, 3, 19
Let v(p) = 7*p**3 + p**2 - 4*p - 4. Let o be v(-3). Let t = o + 430. List the prime factors of t.
2, 3, 43
Suppose -24*h = -18745 - 9887. Let g = h + -539. What are the prime factors of g?
2, 3, 109
Suppose -5*k + 4*a = 55, 4*a - 5*a = -5. Let t(p) = p**3 + 13*p**2 + 2*p + 20. What are the prime factors of t(k)?
2, 3, 5
Let q be 3 - (924 + (-4 - -4)). Let f = 1618 + q. List the prime factors of f.
17, 41
Let u be (-10)/4*136/(-10). Suppose -4*r - u = -2*r. Let w = r - -42. List the prime factors of w.
5
Let q = 10601 + 2775. What are the prime factors of q?
2, 11, 19
Suppose 2*m - 3*b = -109, 4*b + 82 = 7*m - 8*m. List the prime factors of m/(-589) + 17/19 - -1292.
3, 431
Suppose 33*n - 30*n = 15. Suppose 3*w + b - 264 = -2*w, -n*w = -b - 256. What are the prime factors of w?
2, 13
Let j be -2*((-14)/7 + 273). Let c = 273 - j. What are the prime factors of c?
5, 163
Let g(z) = -4*z**3 - 3*z**2 - 4*z + 7. Let f be g(4). Let c = -11 - f. List the prime factors of c.
2, 151
Suppose 4*s + 15 = -3*p, -6 = -3*p - 4*s + 7*s. Let b(j) = 62*j**2 - 3*j - 3. Let h be b(p). Suppose -6*g = -4*g - h. List the prime factors of g.
31
Let f(i) = 9860*i**2 + 97*i - 119. What are the prime factors of f(-3)?
2, 5, 11, 73
Let f(h) = 1233*h + 50. What are the prime factors of f(3)?
23, 163
Let u(p) = 23*p + 1. Let q(o) = 47*o + 2. Let s(m) = 4*q(m) - 9*u(m). Let t be s(-13). List the prime factors of 5 - 4 - t/(-3).
83
Suppose 3250 + 32635 = 5*x + 5*s, 5*x - 5*s = 35885. List the prime factors of x.
7177
Suppose -27105 + 44925 + 166650 = 39*c. What are the prime factors of c?
2, 5, 11, 43
Suppose -18 = -15*p + 9*p. Suppose -p*u = f - 106, -8*f + 3*u + 270 = -5*f. What are the prime factors of f?
2, 47
Let k(s) be the second derivative of 1157*s**4/12 + s**3/3 - s**2 + 46*s + 1. What are the prime factors of k(-1)?
1153
Let t(w) = 4*w**2 + 3*w + 2. Let j be t(-1). Suppose 5*n - 34 = -7*g + j*g, 0 = -3*n - 5*g + 23. List the prime factors of n/12*-6*(-244)/6.
2, 61
Let r(y) = -y**2 + y + 22. Let l be r(0). Suppose 0 = 14*g - l*g + 192. What are the prime factors of g?
2, 3
Let u be (-4 + -1)*-3 + -1. Suppose -6*n + 20 = u. List the prime factors of (n - 1 - 131)*-1.
131
Let x be ((-168)/32)/(((-6)/80)/3). Suppose -x = -2*j + 4*h + 536, 5*j + 2*h - 1853 = 0. What are the prime factors of j?
7, 53
Suppose -j - 56 - 33 = 0. Let u = j + 1045. What are the prime factors of u?
2, 239
Let m(q) = -407*q - 17. Let z be m(-3). Let j be -3 + z/4 + 2. Suppose -t = 0, -2*v - 3*t = t - j. List the prime factors of v.
2, 3, 5
Let b(k) = 54*k - 101. Let v be b(16). Suppose -10*a + 2657 + v = 0. What are the prime factors of a?
2, 3, 19
Let p(m) = -20*m**3 - 28*m**2 + 30*m + 61. What are the prime factors of p(-7)?
19, 281
What are the prime factors of -2 - (-232488)/32*2 - (-4)/(-8)?
2, 227
List the prime factors of (4/(84/(-63)))/((-2)/13600*3).
2, 5, 17
Let x(n) = -6*n**3 - 49*n**2 - 15*n - 16. Let u be x(-12). Suppose -89*a + u = -78*a. What are the prime factors of a?
2, 79
Let u be (8/80*50)/((-5)/(-3)). Let o = -7 - -13. List the prime factors of -1 + u + -6 + o + 92.
2, 47
Let n(c) = 5*c - 36. Let t be n(9). List the prime factors of ((-150)/t)/((-18)/1107).
5, 41
Let t = 56 - 36. Suppose 0 = 4*b - t + 4. List the prime factors of 130/b*136/85.
2, 13
List the prime factors of 8/14*52/52 - 92347/(-7).
79, 167
Let o be (-32166)/(-8) - ((-22)/(-8) - 2). Suppose 0 = -14*z - z + o. What are the prime factors of z?
2, 67
Suppose 0*s = -2*f - s, 2*f - 3*s = 16. Suppose -4*o + 5942 = -22*t + 24*t, -f*t = -o + 1493. List the prime factors of o.
1487
Let t(g) = 2*g**2 - 31*g - 3927. List the prime factors of t(-58).
3, 7, 73
Let j(x) = -x + 1. Let t(y) = -13*y - 4. Suppose 2*m + m = -4*q - 31, -2*q = -4*m - 12. Let f(i) = q*j(i) - t(i). List the prime factors of f(3).
3, 17
List the prime factors of ((-20915)/(-5) - 9)*(-2 - -4).
2, 2087
Suppose -151 = 3*a - 181. Suppose 14*m - a*m - 1572 = 0. What are the prime factors of m?
3, 131
Let w(k) = -138*k - 187. Let x(t) = 137*t + 186. Let n(g) = -2*w(g) - 3*x(g). List the prime factors of n(-6).
2, 313
Let b(x) = 172*x + 55. Let a(l) = 87*l + 29. Let u(y) = 5*a(y) - 2*b(y). What are the prime factors of u(6)?
7, 83